{"id":1227,"date":"2022-08-31T21:49:54","date_gmt":"2022-08-31T21:49:54","guid":{"rendered":"https:\/\/erikmoreno.com\/?page_id=1227"},"modified":"2022-08-31T21:49:54","modified_gmt":"2022-08-31T21:49:54","slug":"composiciones-personalizadas","status":"publish","type":"page","link":"https:\/\/erikmoreno.com\/index.php\/composiciones-personalizadas\/","title":{"rendered":"Composiciones personalizadas"},"content":{"rendered":"<!--themify_builder_content-->\n<div id=\"themify_builder_content-1227\" data-postid=\"1227\" class=\"themify_builder_content themify_builder_content-1227 themify_builder tf_clear\">\n    \t<!-- module_row -->\n\t<div  data-lazy=\"1\" class=\"module_row themify_builder_row tb_0bne953 tb_first tf_clearfix\" >\n\t    \t\t<div class=\"row_inner col_align_top col-count-1 tf_box tf_w tf_rel\">\n\t\t\t<div  data-lazy=\"1\" class=\"module_column tb-column col-full first tb_limi955 tf_box\">\n\t\t\t    \t        <div class=\"tb-column-inner tf_box tf_w\">\n\t\t    <!-- module text -->\n<div  class=\"module module-text tb_j45j326   \" data-lazy=\"1\">\n        <div  class=\"tb_text_wrap\">\n    <h1><span class=\"s1\"><b>Composiciones personalizadas<\/b><\/span><\/h1>    <\/div>\n<\/div>\n<!-- \/module text --><!-- module text -->\n<div  class=\"module module-text tb_hyf7901   \" data-lazy=\"1\">\n        <div  class=\"tb_text_wrap\">\n    <p class=\"p1\">Un pintor da colores y formas a las ideas transformadas en realidad, un bailar\u00edn sabe moverse con el flujo de la vida y un m\u00fasico puede incorporarlo todo a la vibraci\u00f3n del momento. La idea principal de las composiciones personalizadas es que la vida imita al arte y todo ser humano es un artista de coraz\u00f3n.<\/p>\n<p class=\"p1\">Estas melod\u00edas est\u00e1n hechas de sonidos escuchados en un nivel profundo de conciencia y conexi\u00f3n interna con el otro, traducidos en una composici\u00f3n creada por la energ\u00eda colectiva o la de la persona involucrada en el proceso de evoluci\u00f3n. Se ofrecen al final de cada retiro o individualmente, a petici\u00f3n, despu\u00e9s de tener una discusi\u00f3n profunda y consciente.<\/p>\n<p class=\"p1\">Estas canciones pueden utilizarse como poderosos \u00abcantos\u00bb para liberarse de las interpretaciones limitantes de la mente. Incluyen la intenci\u00f3n del propio esp\u00edritu libre y la frecuencia de la firma espont\u00e1nea del momento creado y de quien lo solicit\u00f3. Se pueden escuchar para entrar en un estado profundo de trance, para dise\u00f1ar un nuevo camino recordando la propia esencia e integrarla con un nivel superior de conciencia.\u00a0<\/p>    <\/div>\n<\/div>\n<!-- \/module text -->\t        <\/div>\n\t    \t<\/div>\n\t\t    <\/div>\n\t    <!-- \/row_inner -->\n\t<\/div>\n\t<!-- \/module_row -->\n\t<\/div>\n<!--\/themify_builder_content-->","protected":false},"excerpt":{"rendered":"<p>Composiciones personalizadas<\/p>\n","protected":false},"author":1,"featured_media":0,"parent":0,"menu_order":0,"comment_status":"closed","ping_status":"closed","template":"","meta":[],"builder_content":"<h1><b>Composiciones personalizadas<\/b><\/h1>\n<p>Un pintor da colores y formas a las ideas transformadas en realidad, un bailar\u00edn sabe moverse con el flujo de la vida y un m\u00fasico puede incorporarlo todo a la vibraci\u00f3n del momento. La idea principal de las composiciones personalizadas es que la vida imita al arte y todo ser humano es un artista de coraz\u00f3n.<\/p> <p>Estas melod\u00edas est\u00e1n hechas de sonidos escuchados en un nivel profundo de conciencia y conexi\u00f3n interna con el otro, traducidos en una composici\u00f3n creada por la energ\u00eda colectiva o la de la persona involucrada en el proceso de evoluci\u00f3n. Se ofrecen al final de cada retiro o individualmente, a petici\u00f3n, despu\u00e9s de tener una discusi\u00f3n profunda y consciente.<\/p> <p>Estas canciones pueden utilizarse como poderosos \"cantos\" para liberarse de las interpretaciones limitantes de la mente. Incluyen la intenci\u00f3n del propio esp\u00edritu libre y la frecuencia de la firma espont\u00e1nea del momento creado y de quien lo solicit\u00f3. Se pueden escuchar para entrar en un estado profundo de trance, para dise\u00f1ar un nuevo camino recordando la propia esencia e integrarla con un nivel superior de conciencia.\u00a0<\/p>","_links":{"self":[{"href":"https:\/\/erikmoreno.com\/index.php\/wp-json\/wp\/v2\/pages\/1227"}],"collection":[{"href":"https:\/\/erikmoreno.com\/index.php\/wp-json\/wp\/v2\/pages"}],"about":[{"href":"https:\/\/erikmoreno.com\/index.php\/wp-json\/wp\/v2\/types\/page"}],"author":[{"embeddable":true,"href":"https:\/\/erikmoreno.com\/index.php\/wp-json\/wp\/v2\/users\/1"}],"replies":[{"embeddable":true,"href":"https:\/\/erikmoreno.com\/index.php\/wp-json\/wp\/v2\/comments?post=1227"}],"version-history":[{"count":2,"href":"https:\/\/erikmoreno.com\/index.php\/wp-json\/wp\/v2\/pages\/1227\/revisions"}],"predecessor-version":[{"id":1229,"href":"https:\/\/erikmoreno.com\/index.php\/wp-json\/wp\/v2\/pages\/1227\/revisions\/1229"}],"wp:attachment":[{"href":"https:\/\/erikmoreno.com\/index.php\/wp-json\/wp\/v2\/media?parent=1227"}],"curies":[{"name":"wp","href":"https:\/\/api.w.org\/{rel}","templated":true}]}}